 9. Let z be p(-6). Give m(z).
4
Let g(s) = 16*s + 24 + 15*s - 28*s - s**2. Let i be g(7). Let x(q) = -q**3 - 4*q**2 + 2*q + 5. Give x(i).
-3
Let j be (-15)/9*(-7 + 1). Suppose j = -x + 6*x. Let k(g) = 1 - 3 - g - x. What is k(0)?
-4
Let j(u) = -17*u + 44*u - 14*u - 5*u - 7 - 17*u. What is j(-5)?
38
Let r = -125 - -104. Let u = r - -19. Let v(g) = -g**3 + 2*g - 1 + 2 + 0*g - g**2. Give v(u).
1
Let i be -2 + (-4)/(-6)*12/8*1. Let a(h) = 21*h**3 - 2*h**2 + 3*h + 2. Let o(u) = 42*u**3 - 5*u**2 + 7*u + 5. Let d(q) = -7*a(q) + 3*o(q). Give d(i).
21
Let o(v) be the second derivative of 1/12*v**4 + 6*v**2 - 3*v - 1/60*v**5 + 0 + 2/3*v**3. Let n(k) be the first derivative of o(k). Give n(4).
-4
Let r(j) = -7*j**2 + 8*j + 12. Let w(k) = -5*k**2 + 7*k + 11. Let g(m) = 2*r(m) - 3*w(m). Determine g(6).
-3
Let b(k) = k**2 - 3*k - 6. Let o(i) be the third derivative of -i**6/120 - i**5/60 + i**4/24 - 8*i**2. Let z be o(-3). Suppose -7*a = -10*a + z. Determine b(a).
4
Suppose -22 = 3*y + 2*o, 0 = 3*o - 7*o - 20. Let g(q) = -q**3 - 8*q**2 - 5*q + 2. What is g(y)?
-42
Let h be 4 - (-3 + -2 + 4). Suppose 15 = -2*y + h. Let d(l) = l. What is d(y)?
-5
Let k = -1921 - -1916. Let z(v) = -1 - v + 0*v + 3. Give z(k).
7
Suppose -1 = -2*h + 1. Let c be h - -1 - 6/(-6). Let q(g) = -4*g - 2 + 2*g + c*g. Give q(-3).
-5
Let v(t) = -t**3 - 11*t**2 - 12*t - 15. Suppose 0 = 14*s - 16*s - 20. Calculate v(s).
5
Let l = -205 - -204. Let o(z) = 6*z**3 - z**2 + 1. Calculate o(l).
-6
Let l(x) be the first derivative of -5*x**2/2 - 5*x + 172. Calculate l(-1).
0
Let x(u) = u + 10. Suppose -98*i + 28 = -100*i + 2*q, 5*i + 5*q = -60. What is x(i)?
-3
Suppose 0 = 13*p - 8*p - 4*x - 15, 2*x = -5*p + 15. Let j(d) be the first derivative of 0*d - 5/3*d**3 - p*d**2 - 1/4*d**4 - 7. Give j(-4).
8
Let z(p) be the third derivative of p**5/60 + 3*p**4/8 - 2*p**3 + 5*p**2. Suppose -15*o = 164 - 14. Calculate z(o).
-2
Let j(d) = d**2 + d. Let g(b) = -b**2 - 13*b + 15. Let v(n) = -g(n) - 2*j(n). Suppose 0 = 6*i - 12 - 48. Determine v(i).
-5
Let i be ((-104)/(-16) + -7)/((-3)/(-6)). Let n(u) = 2*u**3 - 4*u**2 + 6*u - 1. Let a(s) = s**2 - s. Let j(f) = 6*a(f) + n(f). Calculate j(i).
-1
Let p(h) be the third derivative of h**5/30 - 11*h**4/24 - 5*h**3/3 + 3*h**2 + 13*h. Calculate p(6).
-4
Let s(q) = -q**3 + 8*q**2 + 9*q - 5. Let z = -51 + 54. Suppose j + 4*c = 5*j - 24, z*j - 39 = -4*c. Give s(j).
-5
Suppose 16*i = -3*j + 11*i - 6, 3*j = -4*i - 6. Let z(h) = -15*h - 1. What is z(j)?
29
Let p(n) be the third derivative of 0 - 1/24*n**4 - 7/6*n**3 + 0*n - 10*n**2. Calculate p(0).
-7
Let l(b) = -b - 3. Let z(m) = -5*m - 13. Let v(r) = -9*l(r) + 2*z(r). Let f(o) = -63*o + 246. Let a be f(4). Give v(a).
7
Let m = 3 + -1. Suppose -6 + m = 2*l. Let q(u) = -2*u**2 + 2*u + 3. Let s(z) = -2*z**2 + 3*z + 4. Let f(r) = -5*q(r) + 4*s(r). What is f(l)?
5
Let f(a) = -2*a**3 - 3*a**2 - 4*a - 4. Suppose 2*i = z - 5, 5*z - 15 = 5*i - 0*z. What is f(i)?
8
Let a(t) be the second derivative of t**3/6 - 12*t. Determine a(8).
8
Suppose -8 = -2*p + 8*o - 9*o, -p + 2*o - 1 = 0. Let x(v) = -12*v + 3. Calculate x(p).
-33
Suppose -2*z = -t - 17, -3*t + 6*t + 46 = z. Let r(f) = f**2 + 16*f - 21. Give r(t).
-36
Let q(x) = 10*x - 3. Let a(b) = -7*b + 2. Suppose 2*v + 20 = 3*k - 9, -22 = v - 3*k. Let m(l) = v*a(l) - 5*q(l). What is m(6)?
-5
Let l(q) be the first derivative of -5*q**2/2 + 2*q + 119. Calculate l(1).
-3
Suppose -o - 5 = -v, 4*o - 10*v + 36 = -14*v. Let q(g) = -g**3 - 7*g**2 + 2*g + 8. Determine q(o).
-6
Let b(g) = g + 2. Let s be b(-2). Let q(j) = -j**2 - 38*j - 70. Let t be q(-36). Suppose s = 3*r - t*r + 3. Let l(v) = 2*v + 1. Calculate l(r).
-5
Let f be ((-72)/27)/2 - 23/3. Let q(c) = -c**2 - 7*c + 19. What is q(f)?
1
Suppose -2*h = 3*n - 6*h - 14, -5*n + 31 = h. Let b(u) = -17225*u**2 - 11*u + 6 + 3*u + 17226*u**2. Determine b(n).
-6
Let f = -1 - -2. Let x(j) be the second derivative of 2*j**3 - j**2/2 - 17*j + 100. Determine x(f).
11
Let v = 2005 - 1999. Let j(g) = 22*g - 134. Determine j(v).
-2
Let j = -4 + 6. Let c(w) = -7*w**2 + 0*w**3 + 1 + 2*w**2 - 2*w**3 - j*w. Let f(p) = -p - 9. Let x be f(-6). Give c(x).
16
Suppose 4 = -4*g, -4*g = -2*h - 5*g + 79. Let b(f) = -3*f**3 - 11*f**3 - f - 1 + h*f**3. Calculate b(-1).
-26
Let d(j) = -j**2 + 3*j. Suppose f - 51 = -4*f - 3*y, f = 4*y + 24. Suppose -42 = -2*s - f*s. What is d(s)?
0
Let t(f) = -f**3 - f**2 - 2*f - 1. Let l(i) = -3*i**3 - 13*i**2 - 19*i + 7. Let g(w) = l(w) - 4*t(w). Determine g(10).
1
Let x(r) be the first derivative of 1/2*r**2 + 8*r + 4. Give x(-7).
1
Let q be (-28)/(-16) - (-2)/8. Let d(t) = -q*t - 2 + 1 + 5*t. Let j = -992 + 991. What is d(j)?
-4
Let r(s) be the second derivative of s**6/360 + 11*s**5/120 - 23*s**4/12 + 18*s. Let o(x) be the third derivative of r(x). Determine o(-8).
-5
Let o = 56 + -52. Let x be (19 - 15)*2/o. Let j(k) be the first derivative of k**3/3 - k**2 - k + 1. Calculate j(x).
-1
Let h(a) = -4*a + 38. Let v = 308 + -297. Give h(v).
-6
Let p(v) = -v**3 + 4*v**2 + 2*v - 2. Suppose q = -2*q - j + 131, q + 2*j - 42 = 0. Let z be 1/3 + (-7)/((-84)/q). Give p(z).
6
Suppose 8 = -x + 31. Let i(y) = -y**3 + 23*y**2 + 2*y - 52. Determine i(x).
-6
Let u(i) = i - 3. Suppose 0 = l - 5*g - 61 - 29, l + 5*g - 90 = 0. Suppose -6*s - l = -9*s. Let m = 24 - s. Calculate u(m).
-9
Let u(l) = 7*l + 4. Suppose 30*g - 92 = -16*g. What is u(g)?
18
Suppose -4*s + 17 = -4*p - 11, -p - 1 = 0. Let f(h) = 43 + 43 - 85 - s*h**2. Give f(1).
-5
Suppose t - 6*b + 11 = -b, -t + 3*b - 3 = 0. Let a(i) = 3*i - t + 5 - 2*i. Determine a(3).
-1
Let s(f) be the first derivative of f**2 + 17*f + 76. Give s(-18).
-19
Let y(q) = q**2 + 12*q - 5. Let t be y(-13). Let n be 6/t*(0 + 4). Let x(c) = c**2 - 3*c - 4. What is x(n)?
-4
Let u = 2750 + -2745. Let o(d) = d**2 - 2*d - 3. Calculate o(u).
12
Let n(y) = 4*y + 30. Let w be n(-6). Let d(t) = -t**3 + 7*t**2 - 9*t + 13. Give d(w).
-5
Let j(z) = -2*z - 11. Let i be j(-3). Let m(v) = -2*v - 6. What is m(i)?
4
Let y(r) = -2 + r - 4 - 4*r. Let i(u) = u. Let q be i(-3). Let c be y(q). Let f(t) = t - 1. Give f(c).
2
Let l(o) = -10*o**2 + 4*o + 2. Let p(v) = -3*v**2. Let a(b) = l(b) - 4*p(b). Let s = -9 - -6. Give a(s).
8
Let z(y) = -y**3 - 5*y**2 + 7*y - 129. Let t be z(-8). Let p(o) = 2*o + 5. Let q(v) = v + 6. Let f(c) = -2*p(c) + 3*q(c). Calculate f(t).
1
Let v(k) be the second derivative of 8*k**3/3 + 8*k. Let n(d) = -3*d**2 + 5*d - 3. Let l be n(3). Let w = -16 - l. Give v(w).
-16
Let y(d) be the first derivative of -d**2/2 - d + 171. Let a = 7 + -7. Suppose 2*x + 4 - 12 = a. Give y(x).
-5
Let w be 1 - 8 - (1 + -1 + 0). Let u(i) = 3*i**3 - 5*i + 0*i**2 - 8*i**2 - 5 - 4*i**3 + 13. Calculate u(w).
-6
Suppose -15 = -a - 3*y, 0 = -5*a + 3*y + 2*y - 5. Let v(q) = 4*q**2 + q - 4*q - 2 + 0*q**a + 0*q**2 + q**3. What is v(-4)?
10
Let w(v) = 2*v**2 + 13*v + 5. Let f(k) = k**2 + 6*k + 3. Let i(q) = -5*f(q) + 2*w(q). Suppose 5*n + 28 = 9*n. Suppose -2*z = -n*z - 20. Determine i(z).
-5
Let i(r) = r**2 + 4. Suppose -329 = 4*w - 3*a + 72, -4*w - 431 = 3*a. Let g = -107 - w. What is i(g)?
13
Let h(c) = c**2 - c + 7. Let d(y) = -y**2 - 8. Let l(k) = -3*d(k) - 4*h(k). Calculate l(4).
-4
Let x(n) = 4*n + n**2 - 6*n + 2*n. Let j(g) = -2*g**2 + 7*g + 7. Suppose 0 = 3*d - z - 14, -3*d - 2*z = 5 - 4. Let v(y) = d*x(y) + j(y). What is v(-6)?
1
Suppose -3*a - 3 = -3. Let d(i) = 1 + a - 4*i - 2 + i. Give d(-2).
5
Let l = 33 + -31. Let n(k) = -20*k**3 + 19*k**3 - 1 + 24*k + 5*k**l - 27*k. Calculate n(4).
3
Let o(q) be the second derivative of q**4/12 + 3*q**3/2 + 7*q**2/2 - 2*q - 43. What is o(-9)?
7
Let v(r) = 2*r**3 - 2*r + 1. Let i(k) = 11*k**3 - k**2 - 9*k + 20. Let n(c) = i(c) - 5*v(c). Suppose -4*j - 3*p = 15, 0 = j + 2*j + 3*p + 15. What is n(j)?
15
Let s(i) = -i + 6. Let d be s(3). Let w(a) = 2*a**2 - a + 2. Let h(f) = 5*f**2 + 4*f + 5. Let r(x) = h(x) - 3*w(x). Determine r(d).
11
Let m(h) be the second derivative of -h**5/20 + 7*h**4/12 + 3*h**3 - h**2/2 - 857*h. Calculate m(-2).
-1
Let d be (5/(-10))/(-3 + (-15)/(-6)). Let u(p) = p - 1. Calculate u(d).
0
Suppose x = -4 - 3. Let y(l) = 5*l + 3*l - 3*l - 6*l - 9. Determine y(x).
-2
Let p(u) be the first derivative of 1/2*u**2 + 14 + 11*u. What is p(-5)?
6
Let h(v) be the third deri